-8)/(-44) + (-27)/(-33). Let p = -83 + 88. Suppose 4*i + 8 = 0, 0 = -p*n + i + 1 + 21. Calculate the highest common factor of m and n.
1
Suppose 37*o + 31*o = 26588. Calculate the highest common factor of 187 and o.
17
Let y = -4162 - -4262. Suppose 122 = -5*l + 2*x, 0 = -l + 3*l + 2*x + 46. Let v be (l/(-30))/(1/25). What is the highest common factor of v and y?
20
Suppose 30303 + 38913 = 103*f. What is the greatest common divisor of 189 and f?
21
Let t = -260 - -251. Let q be (4 - t/(-6))*(-4 + 112). Calculate the greatest common divisor of 10 and q.
10
Let h(z) = -z**2 - 11*z + 53. Let t be h(-11). Suppose b = 5*j - 557, -3*b = j - 68 - t. What is the greatest common factor of j and 176?
16
Let k(o) = 2*o**3 + 38*o**2 + 30*o + 30. Let r be k(-17). Suppose 0 = 5*g - d - r, 6*g = 4*g + 4*d + 274. Calculate the greatest common factor of 27 and g.
27
Let x be 84/70*20/6. Suppose -x*g + t = -226, g + 2*t - 62 = 5*t. Suppose -12 + 54 = 3*d + 5*h, 0 = -h. Calculate the greatest common divisor of d and g.
14
Suppose 11*j - 5*v - 13679 = 7*j, -5*j + 17110 = -4*v. Calculate the highest common factor of 6 and j.
6
Suppose -6*f + 93 = -3*u - 4*f, 2*u = f - 62. Let m = 51 + u. Let j be (42/(-49))/((-27)/2142) + 1 - 9. Calculate the greatest common divisor of j and m.
20
Let u be (-47047)/(-77) - (-2 + -3)*1. Calculate the greatest common factor of u and 208.
8
Suppose -907*d + 897*d + 15840 = 0. What is the greatest common divisor of 880 and d?
176
Suppose 2*b - 613 = 3*n + 167, 0 = 4*b - 2*n - 1544. Let x be 6/15 - (2 - b/40). What is the greatest common factor of x and 104?
8
Let l = 18815 + -18763. Calculate the greatest common divisor of 196 and l.
4
Let g(n) = -10*n + 11. Let z(u) = -u**3 - 5*u**2 + 13*u - 6. Let x be z(-7). Let k be g(x). Calculate the greatest common factor of 16 and k.
1
Let h(g) be the first derivative of 2*g**3/3 - 3*g**2/2 - 7*g + 29. Let w be h(8). Let c = 137 - w. What is the highest common factor of 20 and c?
20
Suppose c = 4*a + 980, -2*c + 8*a = 7*a - 1953. What is the greatest common divisor of 48 and c?
16
Let n = -10612 + 10774. Calculate the highest common divisor of n and 15.
3
Let s = 1259 - 460. Calculate the greatest common divisor of s and 1207.
17
Let z(m) = -8 + 21*m + 10 - 13*m + 8. Let h be z(-2). Let n(f) = f**2 - f - 4. Let t be n(h). Calculate the greatest common divisor of 57 and t.
19
Let o be (24/5)/(27/900). Calculate the greatest common factor of 940 and o.
20
Let k be 135 + -10 + -5 + 5. What is the highest common factor of k and 7375?
125
Suppose -6*i + 39 = -89 - 22. What is the greatest common divisor of 785 and i?
5
Suppose -8*g - 887 - 217 = 0. Let r = 8 - g. What is the greatest common factor of r and 365?
73
Let r be -9 - (-65 - (2 - -2)). Let n = 254 + -179. What is the greatest common factor of n and r?
15
Suppose 5*u + 67*k - 68*k - 12 = 0, 0 = -4*u - k + 6. What is the greatest common divisor of 419 and u?
1
Suppose 2*l + 28*l = 4050. Calculate the greatest common divisor of l and 855.
45
Let s(g) = 112*g**2 - 26*g - 10. Let x be s(6). Suppose l - v - 974 = -2*v, 4*l - 2*v - x = 0. Calculate the highest common divisor of l and 51.
51
Let z be (-29)/(-2) - (-45)/(-90). Suppose 4*i + 492 = 2*t, -4*t + 3*i + 956 = 2*i. Calculate the greatest common factor of z and t.
14
Let u be (-10)/25*2*-115. Let n be 1/(-3*(-5)/60). What is the greatest common divisor of n and u?
4
Let i be (2 + 15/(-7))*(15 + -21)*217. What is the highest common factor of 2511 and i?
93
Let m = 7029 - 5898. What is the highest common factor of 87 and m?
87
Let y be 13/(-5) - (-2)/(-5). Let i be 0 + -3 - (y - -27)/(-3). Suppose 3*k - 116 = -a, 3*a - i*k - 195 = 209. What is the greatest common factor of 16 and a?
16
Suppose -11821 = 2*h - 11839. Calculate the highest common factor of 22302 and h.
9
Let a(h) = -4*h**2 - 23. Let l(r) = 5*r**2 + 26. Let v(d) = -6*a(d) - 5*l(d). Let z be v(2). Calculate the greatest common factor of 168 and z.
4
Let a = 6664 + -6463. Calculate the highest common divisor of a and 1876.
67
Let a(k) = k**3 - 50*k**2 + 631*k + 19. Let v be a(24). What is the greatest common factor of v and 544?
17
Let m = -1138 + 2678. Suppose 4*i - 2*r - m = -5*r, -2*i + 770 = -r. Calculate the highest common divisor of 35 and i.
35
Let y = 3452 + -3400. What is the greatest common divisor of 1625 and y?
13
Let i(t) = 2*t**3 + 87*t**2 + 80*t - 172. Let h be i(-41). What is the greatest common divisor of h and 26?
13
Let p = 7126 - 7114. What is the greatest common factor of 366 and p?
6
Let w = -116 + 241. Let o = 7 + 68. Calculate the greatest common divisor of o and w.
25
Suppose 329 = 21*d - 2212. Let c be (-2 - 1) + 0 + d + -4. What is the highest common factor of 12 and c?
6
Let g(y) = 2*y + 26 - 16 + 6. Let a be g(-6). Suppose -13*w + 18*w = 60. Calculate the greatest common factor of w and a.
4
Let t(f) = 410*f**2 - 51*f + 318. Let u be t(6). Calculate the greatest common divisor of u and 12.
12
Let z = -11 + 15. Suppose q + 2 = 5. Suppose 2*m = q*d - 32, -3*d = -0*m - z*m - 40. Calculate the highest common factor of d and 56.
8
Let a(k) = -11*k - 38. Let u be -2*(-1 - 7/2). Let d be (12/u - -2)*-3. Let l be a(d). Calculate the highest common divisor of 8 and l.
8
Suppose -4*x + 752 = 3*u, x - 144 = -u + 109. What is the greatest common factor of u and 35?
5
Suppose 0 = n, 0 = -0*x + x - 4*n + 43. Let v = 54 + x. Suppose v = 3*p - 3*d - d, -p - 3 = -3*d. Calculate the greatest common factor of p and 99.
9
Let q(t) = -t**3 + 13*t**2 - 12*t + 26. Let o = -286 - -298. Let w be q(o). What is the highest common factor of 26 and w?
26
Suppose 0 = -4*t + 140 - 440. Let z be t/(-3) + (-4)/1. Suppose 18*k - 175 = 1337. What is the greatest common factor of k and z?
21
Let v = 45 + -45. Suppose -w - 2*z = -v*w - 72, -5*w - 5*z + 360 = 0. Suppose 9*c + w = 13*c. What is the greatest common factor of c and 27?
9
Suppose 0*g - 57 = -3*g. Let o = 57 + -58. Let i(r) = r**2 - 4*r - 4. Let j be i(o). What is the greatest common factor of j and g?
1
Let h = -251 - -253. Suppose a + 51 = 3*a - w, -2*w = h*a - 54. Calculate the highest common divisor of a and 39.
13
Suppose -3*o = o. Let l = 14 - o. Let p = -58018 + 58088. What is the highest common divisor of l and p?
14
Let u(r) = 84*r - 1731. Let z be u(31). What is the greatest common divisor of z and 234?
9
Let c be ((-1040)/(-2600))/((-3)/(17610/(-4))). What is the highest common divisor of c and 1?
1
Let k = 15746 - 14766. Calculate the highest common factor of k and 84.
28
Let k be -2*(-27)/18 + 2/((-2)/(-779)). What is the highest common divisor of k and 552?
46
Let k = -1318 + 1435. Suppose -8*f - 202 + 706 = 0. What is the highest common factor of f and k?
9
Let a be 7 + 3136 + -12 + 19. What is the greatest common factor of 36 and a?
18
Suppose -52*p + 1818 = -990. Calculate the greatest common factor of p and 11844.
18
Suppose 4*s + 35 + 73 = 0. Let h be 24/(-36) - 188/6. Let o = s - h. Calculate the highest common divisor of 25 and o.
5
Let v(b) = b**2 + b. Let s be v(0). Suppose s*c + 3*c - 235 = -a, a - c - 251 = 0. Calculate the highest common divisor of a and 13.
13
Let h(g) = 138*g**3 - 45*g**3 + 39*g - 13*g**2 - 47*g**3 + 21 - 47*g**3. Let b be h(-16). Calculate the highest common factor of 22 and b.
11
Let s = -51 + 75. Suppose 23*c - s = 19*c. Let w = -53 - -119. What is the greatest common factor of w and c?
6
Let v = 1517 + -1029. Let k = 506 - v. Calculate the greatest common divisor of k and 189.
9
Suppose -224*r + 219*r = u - 96, -4*r = -u + 87. What is the greatest common factor of 1469 and u?
13
Let y = -205 + 72. Let r = -117 - y. Let n be -8*(-1 - 5*3). What is the greatest common divisor of r and n?
16
Let m = 2254 + -1958. Calculate the greatest common factor of 19388 and m.
148
Suppose 3*v = 3, -5*s - 3*v + 3062 = -1671. Calculate the highest common divisor of 172 and s.
86
Let n = -83 + 86. Suppose 904 = 6*f + 274. Calculate the highest common factor of n and f.
3
Let w be (3/4)/(30/(-32))*-5. Suppose 185 = 5*f - 5*p, 2*f + w*p - 5 = 57. Suppose 2*v + 15 = 5*v. Calculate the greatest common divisor of v and f.
5
Let q be 3*(-1 - -2) + -3. Suppose 4*g - g - 12 = q. Suppose 0 = -842*v + 325*v + 4136. Calculate the highest common divisor